he prime factors of t(h)?
3
Let j = -2 - -28. List the prime factors of j/(1 - 10/14).
7, 13
Let t be -1 - 122/(-12) - (-3)/(-18). Suppose -3*r - t = -39. List the prime factors of r.
2, 5
Suppose -2*i = -h - 0*h + 466, 5*h - 2325 = 5*i. What are the prime factors of h?
2, 29
List the prime factors of -1 - (-8 + 0) - -1880.
3, 17, 37
Suppose 0 = -4*c + 3*l + 344, -5*c - 4*l + 27 = -372. Let q = 189 - c. List the prime factors of q.
2, 53
Suppose 31*k - 72121 - 698 = 0. List the prime factors of k.
3, 29
Let v be 94/6*5 + (-9)/27. Suppose 80*s = v*s + 166. What are the prime factors of s?
83
Let l be (-2916)/12*1/(-3). Suppose -2*z + l = -z. List the prime factors of z.
3
Let h(k) = -k - 1. Let l(q) = -q**3 + 3*q**2 - 5. Let m(v) = h(v) - l(v). Let g be m(7). Suppose g = 3*a + 7. List the prime factors of a.
2, 31
Let c(a) be the first derivative of a**4 - 5*a**3/3 - 2*a**2 - 5*a - 1. What are the prime factors of c(4)?
5, 31
Suppose -30775 = -7*h - 1221. What are the prime factors of h?
2, 2111
Suppose 0 = -5*d + 4*z - 93, -2*d + 3*z - 35 = 5. Let c(p) = -p**3 - 15*p**2 + 21*p - 35. List the prime factors of c(d).
2, 3, 31
Let b be 126/26 - 4/(-26). Suppose 3*a - 2*q + 3*q - 101 = 0, b*a + 2*q - 167 = 0. List the prime factors of a.
5, 7
Let s(x) = 11*x + 6. Let i be s(20). Let u = 342 - i. What are the prime factors of u?
2, 29
Suppose -5 = -4*w + 11. Suppose w*k - 111 = 3*b, 5*k + 3*b = 81 + 78. List the prime factors of k.
2, 3, 5
Let n(c) = -c - 1. Let t(q) = 14*q + 4*q**3 - 4*q**2 - q**3 - 5*q**2 - 9 - 2*q**3. Let w(p) = 2*n(p) + t(p). What are the prime factors of w(8)?
3, 7
Let h be 28/3 + 1/(-3). Let u be (-21)/(h/3 - 4). Suppose -9 = i - u. List the prime factors of i.
2, 3
Let z(s) = -204*s + 102. What are the prime factors of z(-8)?
2, 3, 17
Let j = 116 - 101. What are the prime factors of j?
3, 5
Let b = 24 + -29. What are the prime factors of (b - -1)/(4/(-32))?
2
Let x = -2186 + 4165. What are the prime factors of x?
1979
Let b(y) = -9 - 8 + 1 + 4*y + 2. Let k be b(4). What are the prime factors of 4 - -64 - (4 - k)?
2, 3, 11
Suppose -10580 = -3*t + 5*x, x = 3*t - 4711 - 5877. List the prime factors of t.
2, 5, 353
List the prime factors of (4/24)/(((-4)/(-2))/7836).
653
Suppose -a = -4*z - 3*a + 68, -2*a - 67 = -5*z. Let t be 6/10 + 6/z. Let v = 9 + t. What are the prime factors of v?
2, 5
Let q be (-4)/14 + 16/7. Suppose -m = -q*v + m + 14, 5*v - 41 = 2*m. List the prime factors of v.
3
What are the prime factors of 2546/18 - (-100)/(-225)?
3, 47
Suppose 2*c + c = 3. Let l(y) = 40*y**2 + 3*y - 2. Let d be l(c). Suppose 3*g = -4*r - 1 + d, -5*r = -4*g + 43. List the prime factors of g.
2, 3
Let t be (-1)/1 - (5 - 6). Suppose 2*y + 3*y - 20 = t. Suppose y*h - 1 = 11. List the prime factors of h.
3
Suppose -k + 1 = -5*w - 2, -33 = -k - 5*w. Let i = 21 - k. Suppose 2*v + 135 = -2*f + 5*f, i*f + v = 135. What are the prime factors of f?
3, 5
Let l = -1284 - -3682. What are the prime factors of l?
2, 11, 109
Let k be 2/(-7) - ((-2232)/28)/6. Suppose 14 = k*t - 12*t. List the prime factors of t.
2, 7
Suppose 0 = -0*o - 2*o + 5*a + 10, 2*a + 4 = -5*o. Suppose 7*v - 9*v + 132 = o. What are the prime factors of v?
2, 3, 11
Suppose n - 5*n + 20 = 0. Suppose -80 = -5*z + 5*a, -a + 39 = -n*z + 99. Let w = 19 - z. List the prime factors of w.
2
Suppose 2*w + 72 = 2*u + 364, 5*u = -2*w + 285. Let o(h) = 4*h + 20. Let y be o(18). Suppose -d + 2*z - 18 = -y, z = 2*d - w. List the prime factors of d.
2, 3
Suppose -3*n = -4*n + 2. Suppose -3*i = 3*p - 36, -4*p - 6 = n*i - 36. List the prime factors of i.
3
Suppose 26*h - 22*h = 440. Suppose -r = 3*r + 4, -3*a + 5*r = -h. List the prime factors of a.
5, 7
Let p = -1786 - -4421. What are the prime factors of p?
5, 17, 31
Suppose 0*u + u = 4*w - 19, 23 = -5*u + 2*w. Let z be (-6)/(u - -1) - 2. List the prime factors of (16/(-4))/(-4) + z.
2
Let c(t) = 8*t**2 + 23*t + 242. What are the prime factors of c(-18)?
2, 5, 11
Let y be -3 + 1 - 1*-8 - 2. Suppose -4*o + 5*f = -321, y*o + f - 216 - 99 = 0. What are the prime factors of o?
79
Suppose -5*i + 4 = -3*i. Suppose r + 221 = 3*r - v, i*r = -3*v + 225. What are the prime factors of r?
3, 37
Suppose 10*f = -4*l + 13*f + 1539, -2*l + 2*f = -772. What are the prime factors of l?
3, 127
Let b = -12 + 7. What are the prime factors of 3*(b - -4 - 561)/(-6)?
281
Let w be (-4)/(-16)*4*(-13 + 2). Let i(q) = -9*q - 35. List the prime factors of i(w).
2
Suppose 13285 = -40*b + 42965. What are the prime factors of b?
2, 7, 53
Suppose -3*m + 4*x + 105 = 8*x, -3*m - 3*x + 108 = 0. Let s = m + -14. What are the prime factors of s?
5
Let v = 36 - 70. Suppose -2*t - 172 = -3*h, 122 - 557 = 5*t - 5*h. Let m = v - t. What are the prime factors of m?
5, 11
Let m(o) = -3*o**2 + 2*o - 2. Suppose a + 5 = 6*a. Let u be m(a). Let q(d) = -d**3 + d**2 + d. List the prime factors of q(u).
3, 11
Let o = 23 - 25. List the prime factors of o - ((5 - 3) + -172).
2, 3, 7
Suppose -19*n = -16*n - 222. Let a = n - -85. What are the prime factors of a?
3, 53
Suppose 4*g - 22 = -g - 4*h, -3*h + 1 = -4*g. List the prime factors of (34/4)/(g/4).
17
Suppose -20*v = -12*v - 3568. List the prime factors of v.
2, 223
Let i = 1664 + -1453. List the prime factors of i.
211
Suppose -6*o + 5*o + 3 = 0. Suppose -2 = -h + o*z, 3*h - 2 = 4*h - z. Let j(b) = -b**2 - 9*b - 5. What are the prime factors of j(h)?
3, 5
Let y(x) = 3*x**2 + x + 2. Let k be y(-2). Suppose -4*j = 3*t + k, 5*j + 15 = -t - t. What are the prime factors of -50*(-1 + 0) + j?
47
Let y be (16/6 - 3)*0. Let n(a) = -a**3 + 51. Let x be n(y). Suppose -4*d + x + 89 = 0. What are the prime factors of d?
5, 7
Let h = -324 - -1408. What are the prime factors of h?
2, 271
Suppose 0 = -16*h + 12*h + 4*s + 4684, 2*s + 5861 = 5*h. List the prime factors of h.
3, 17, 23
Let g be (63/6)/(-7)*(-16)/3. Let i = 159 - g. List the prime factors of i.
151
Let t be (-34)/1 + 0 + 0. Let b = 138 + t. Suppose 0 = 2*u + 2*u - b. What are the prime factors of u?
2, 13
Suppose 84 + 330 = 3*b. What are the prime factors of b?
2, 3, 23
Let y(h) = h**2 + h - 14. Let l(i) = i**2 + 12*i + 10. Let n be l(-10). What are the prime factors of y(n)?
2, 19
Let f(v) = 75*v - 33. What are the prime factors of f(3)?
2, 3
Suppose 4*d - 4*t - 48 = 0, -2*d + 22 = 5*t - 9. Suppose 0 = -x - 53 + d. Let l = -20 - x. List the prime factors of l.
2, 5
Let m = 617 - 405. Suppose -3*b + m = -b - t, -2*t = 4*b - 424. List the prime factors of b.
2, 53
Suppose -3*b - 3*b = 84. Let a = 14 + b. Suppose a = -2*c - c - 4*t + 173, 3*c - 3*t = 159. What are the prime factors of c?
5, 11
Suppose -5*y + 4758 + 997 = 0. Suppose -4*b = 5*o - y, 2*b + b = 4*o + 840. Suppose -i + 61 = -2*l, 0 = -5*i - l + 4*l + b. List the prime factors of i.
5, 11
Let m = -72 + 77. Suppose -3*x + 110 = -2*u, -237 + 58 = -m*x - u. What are the prime factors of x?
2, 3
Let b(i) = 2*i**2 + 7*i - 1. Let r be b(-4). Suppose 3*j = 4*s - 1, -r*j + 8*j + 9 = 3*s. List the prime factors of j + 3 - (-19 - 2).
3, 7
Let j(c) = 16*c**3 + 15*c**2 - 3*c + 3. List the prime factors of j(3).
3, 11, 17
Let p(o) = o**3 - 6*o**2 + 7*o - 2. Let x(h) = h**3 + 2*h**2 + h + 1. Let t be x(-2). Let y be -3 + t + -1 + 10. What are the prime factors of p(y)?
2
Suppose -5*n - 7 = 2*g + 3, 40 = 4*g - 5*n. Suppose g*x - x = 16. Suppose 0 = -2*a - 5*o + 76, -x*o - 16 = -0*o. List the prime factors of a.
2, 3
Let k = -12 + -8. Let a = k - -23. Suppose -a*o = -q + 32, -2*q - 4*o + 7*o = -73. What are the prime factors of q?
41
Let f(z) = 28*z**2 - 3*z - 1. Let g be (-60)/(-6) - (-4)/2. Let c be 2/g + 35/(-30). What are the prime factors of f(c)?
2, 3, 5
Suppose 0 = 2*u + 4*w - 196, 15 = 4*w - 1. Let y be (5370/45)/((-4)/u). List the prime factors of y/(-55) + 2/11.
7
Suppose z - 7 - 125 = -4*w, 2*w - 4*z - 66 = 0. What are the prime factors of (-5)/((w/(-36))/11)?
2, 3, 5
Suppose p - 6 = 5*m - 16, -p + 17 = 4*m. Let n = 18 + 15. Let s = n + m. What are the prime factors of s?
2, 3
Suppose 4*i - 184 = -4*w, 0 = -3*w - 2*i + 201 - 67. Suppose -4*u + w = -3*n, 60 = -n - 3*n + 4*u. Let p = 38 + n. List the prime factors of p.
2, 5
Let u be 1 + (1 - -7 - 4). Suppose 0 = -v + 5*z + u + 29, -5*v = z - 274. What are the prime factors of v?
2, 3
Sup